w - 13, 68 = 3*w + 4*d. Let b = w - -21. What are the prime factors of b?
37
Suppose 5*s + 2*x + 219 = 3378, -4*x - 12 = 0. List the prime factors of s.
3, 211
Let i = 4361 + -2860. What are the prime factors of i?
19, 79
Let q(h) = -h**3 - 10*h**2 + h + 14. Let t = 25 + -36. Let f be q(t). Suppose -2*r + 116 = 3*s - 0*r, -2*r = -3*s + f. List the prime factors of s.
2, 5
Let i = -1125 + 1768. What are the prime factors of i?
643
Suppose 6*t = 3*t + 12. Let y be 51 - -2 - (t - 3). Let j = 108 - y. List the prime factors of j.
2, 7
Let k = -72 - -131. Let o = -24 - 18. Let m = o + k. List the prime factors of m.
17
Let z be -2 - 2/(124/(-30) - -4). Suppose 9*c - z - 239 = 0. What are the prime factors of c?
2, 7
Let m(t) = -3 + 6*t - t**2 + 0*t + 5*t. Let h be m(10). Suppose 2*w + 4*a - 13 = h*a, 50 = 5*w - 4*a. What are the prime factors of w?
2, 7
Let y(x) = x**2 + 14*x + 16. Let q be y(-13). Suppose -i + c = -6*i + 24, 2*i - q*c + 4 = 0. What are the prime factors of i?
2
Let d = 34 + -12. Let h = d + -20. Suppose -2*x = g - x - 57, -h*g = -5*x - 135. What are the prime factors of g?
2, 3, 5
Let f(q) = -q + 7. Let k be f(5). Let c be 3/k*(5 - 3). Suppose 0*o = 5*o - c*x - 60, -4*o + 2*x = -46. What are the prime factors of o?
3
Let g(v) = 15*v + 71. List the prime factors of g(38).
641
Let o(c) = -65*c + 601. What are the prime factors of o(-52)?
3, 1327
Suppose -7897 = -3*n - 2*b, -n = -5*n + b + 10544. List the prime factors of n.
5, 17, 31
Suppose -25 = -2*g + 7*g. Suppose s + 6 = 4*j, -4*s + 57 = 5*j - 24. Let m = s - g. What are the prime factors of m?
19
Suppose -4*b = b - 25. Suppose -b*i = -4*i - 3. Suppose -i*t = -5*t + 8. List the prime factors of t.
2
Let v = -2 - -11. What are the prime factors of -2*((-40)/6)/(1/v)?
2, 3, 5
Suppose -60 = 4*g + 10*v - 5*v, g = 3*v + 2. What are the prime factors of ((-5820)/9)/g*(1 + 2)?
2, 97
Let c = -70 + 68. Let q(g) = 16*g**2 + g + 4. What are the prime factors of q(c)?
2, 3, 11
Let n(o) = o - 3. Let y be n(3). Suppose 0*w - w + 2 = y. Suppose -w = -2*b + 40. List the prime factors of b.
3, 7
Let f = -55 + 33. Let x be f/(-6) - (-72)/54. Suppose a = -3, -x*a = -c - 3*c + 251. What are the prime factors of c?
59
Suppose -23 + 653 = 15*i. Let v = i - -159. What are the prime factors of v?
3, 67
Let c = 634 + -377. List the prime factors of c.
257
List the prime factors of 63/28 + -2 + (-18117)/(-12).
2, 5, 151
Let k(t) = 3*t**2 - 22*t + 8. Let q(f) = f**2 - 7*f + 3. Let h(b) = -6*k(b) + 17*q(b). List the prime factors of h(10).
3, 11
Suppose -4*t = -163 - 105. Let r = 25 + t. What are the prime factors of r?
2, 23
Suppose -2*p = i - 2247, 2*i - 4469 = -0*p + p. List the prime factors of i.
2237
Let q(n) = n**3 - n**2 + n + 44. Let b be q(0). Let p = 100 - b. Suppose 4*j - p = -0*j. List the prime factors of j.
2, 7
Suppose -n + 8 = 3*y, -5*y - n + 4 = -4*n. Suppose y*l - 209 = -43. List the prime factors of l/4 + 3/12.
3, 7
Suppose 4*j = 4*u - 12, 0*u + 18 = u - 4*j. What are the prime factors of 6 + u + -5 - -183*1?
2, 7, 13
Let c be 4/(-26) - (30/(-26) - -1). Suppose c = -2*a - 3*a + 450. List the prime factors of a.
2, 3, 5
Suppose -4*h + 2*x + 52 = h, -2*h + 18 = 2*x. What are the prime factors of h?
2, 5
Let h be -1 + 3 + -1 - -3. Suppose -4*p + 4 = 4*u, -h*p - 2*u = -p - 3. What are the prime factors of (p/(-2))/((-1)/24)?
2, 3
Let z = 1805 + -480. What are the prime factors of z?
5, 53
Suppose 3*w + 2 = -2*d, 3*w + 2 = -5*d - 3. Suppose -v - 8 = -w*v. List the prime factors of 63/5 - v/20.
13
List the prime factors of (2349/36)/((-2)/(-8)).
3, 29
Suppose -p = -j - 8 - 16, 0 = 5*p + 5*j - 160. Let v = p - -79. Let c = v - 75. What are the prime factors of c?
2
List the prime factors of (43/2)/((-6)/(-12)).
43
Suppose 4*u - 188 = -4*v, -4*v - 16 = -u + 6. Suppose 2*m - 62 - u = 0. List the prime factors of m.
2, 13
Let v be -3 - -1*(-2 - 1). Let c = 11 + v. Suppose -4 - 6 = -c*f. What are the prime factors of f?
2
Let j = 25 - 28. Let n = 14 - j. What are the prime factors of n?
17
Let h(g) = g**2 + 8*g - 1. Let a be h(-9). Suppose -a*n = -4*n - 404. What are the prime factors of n?
101
Let l(p) = 2*p**3 + 2*p**2 + 30*p - 84. What are the prime factors of l(8)?
2, 3, 109
Suppose 4*b - 12 = -0. Suppose -b*v = -7*v + 16. Suppose 0 = -v*p - 3*h + 179, p - 4*h = 2*p - 61. What are the prime factors of p?
41
Let s = -1579 - -4171. What are the prime factors of s?
2, 3
Let s(t) = -t**3 + 3*t**2 - 35*t - 1. What are the prime factors of s(-11)?
2, 1039
Let f = -8 + 9. Let o(m) = 54*m**3 - m**2 + m. What are the prime factors of o(f)?
2, 3
Suppose 2*r - 20 + 0 = -3*t, -5*t = -5*r. What are the prime factors of (-8874)/(-162) + t/18?
5, 11
Suppose -1078 = -b + 3*v, -b = -2*b - 4*v + 1092. What are the prime factors of b?
2, 271
Let z(l) = -217*l - 200. What are the prime factors of z(-6)?
2, 19, 29
Suppose 0 = -10*w - w + 34287. List the prime factors of w.
3, 1039
Let l be 1/(-5) + 636/30. Suppose 3*f - 9 - l = 0. Suppose -4*t - 20 = -5*t + 3*i, -5*i = -f. List the prime factors of t.
2, 13
Let h = -85 - -89. Suppose 5*g = 3*j - 124, h*j - j - 130 = -g. List the prime factors of j.
43
Let h(r) = 129*r + 4. Let k be h(1). What are the prime factors of ((-2)/(-2) + -2)*(4 - k)?
3, 43
Suppose 2*b = 5 - 5. Suppose 4*k + 21 - 57 = b. What are the prime factors of k?
3
Let h = 9 + 21. List the prime factors of (-3*27)/((-45)/h).
2, 3
Let s = 270 - -529. What are the prime factors of s?
17, 47
Let h = 71 + -102. Let z = 17 - h. List the prime factors of z.
2, 3
Suppose -16 = -4*z - 4. Suppose 9 = z*r - 2*r. Suppose -y = 2*c, r*y = 4*y - 5*c + 15. List the prime factors of y.
2, 3
Suppose 1484 = 5*u - 3*u + 2*y, 3*y = 3*u - 2208. What are the prime factors of u?
739
Let r be (-6*1)/(8/(-68)). Let s = 129 - r. Suppose 4*y - 156 = z, -2*y - 6*z + 4*z + s = 0. List the prime factors of y.
3, 13
Suppose 5*o + 2*d - 46 = 0, 5*o - 3*d = 4*o - 1. List the prime factors of 1368/48*o/6.
2, 19
Suppose 8*g = 10 + 38. List the prime factors of (-3)/6 - (-87)/g.
2, 7
Let q = -843 + 1365. List the prime factors of q.
2, 3, 29
Suppose 3*f + 3*s - s = 1630, -4*f + 2172 = 3*s. What are the prime factors of f?
2, 3, 7, 13
Suppose 3*y + 51 = 2*p, 0*y = -y - p - 17. Let o = 37 - y. List the prime factors of o.
2, 3
Let l(d) = -d**3 - d**2 - d. Let a be l(-2). Let r(s) = s**3 - 6*s**2 + 9*s - 7. What are the prime factors of r(a)?
47
Let u be (-5 + 5)/(4/(-2)). Let d(x) = -x + 59. List the prime factors of d(u).
59
Let j = -6 - -46. Suppose 3*s = -3*l + 65 + j, 3*s + 43 = l. What are the prime factors of l?
37
Suppose 2*b = -4*g + 26, -3*g + g - 3*b = -15. Let t = g - -15. List the prime factors of t.
3, 7
Let i(s) = s**3 + s**2 - 2*s - 5. Let t be i(-4). Let z = t - -93. What are the prime factors of z?
2, 3
Suppose -2 + 11 = -w. List the prime factors of -36*(42/w + 3).
2, 3, 5
Let j = 11 + -9. Suppose -a = -3*n - 0 + j, -46 = -2*a - 4*n. List the prime factors of 2/a - 308/(-26).
2, 3
Suppose 0 = 2*c - 2 - 8. Suppose 5*p + c*d - 160 = 0, 3*p = -d + 51 + 55. Suppose -2*z + 5 = -2*w + p, 0 = w + 3*z - 28. What are the prime factors of w?
19
Let d(k) = 3*k + 4. Let s(q) = 8*q + 12. Let p(l) = 7*d(l) - 2*s(l). Let m be p(9). Suppose m - 169 = -4*t. List the prime factors of t.
2, 3, 5
Suppose 2*z + 5*a - 42 + 9 = 0, -2*z + 30 = 4*a. Suppose z*g + 124 = 11*g. List the prime factors of g.
2, 31
Let g(k) = -k**3 - 21*k**2 + 56*k - 61. List the prime factors of g(-26).
3, 23
Let t(g) = g**3 - 10*g**2 + 6*g + 8. Suppose 4*w - 7 = 4*z + 37, 4*w - 5*z = 46. Let r be t(w). What are the prime factors of (0 - r) + -2 - -3?
2, 5
Let a be (-168)/3 + 6 + -4. Let f = -5 - a. What are the prime factors of f?
7
Suppose 0 = y + 4*y - 5*z - 280, 4*y = -z + 234. Let k = y - 29. List the prime factors of k.
29
Let j = -57 - -30. Let s be (j/6)/((-1)/6). Suppose 2*c + c = s. List the prime factors of c.
3
Suppose -5*k + 4*s = 205, 3*s - 7*s = k + 41. Let x = -11 - -69. Let y = k + x. What are the prime factors of y?
17
Suppose 5*n - 9 = x, 5 = 5*n - 2*n - x. Let q(i) = 11*i**2 - 5 - n*i + 0 + 6 - i. List the prime factors of q(2).
3, 13
Let s(i) = -4*i**3 + 3*i**2 - 14*i + 14. List the prime factors of s(-5).
659
Suppose 2*l - 7*l - 230 = 0. 